{"id":3,"date":"2020-10-16T13:01:54","date_gmt":"2020-10-16T12:01:54","guid":{"rendered":"http:\/\/projektwitryny.pl\/awprojekt\/?page_id=3"},"modified":"2023-04-11T16:43:57","modified_gmt":"2023-04-11T15:43:57","slug":"polityka-prywatnosci","status":"publish","type":"page","link":"http:\/\/projektwitryny.pl\/awprojekt\/polityka-prywatnosci\/","title":{"rendered":"Polityka prywatno\u015bci"},"content":{"rendered":"\t\t<div data-elementor-type=\"wp-page\" data-elementor-id=\"3\" class=\"elementor elementor-3\" data-elementor-settings=\"{&quot;element_pack_global_tooltip_width&quot;:{&quot;unit&quot;:&quot;px&quot;,&quot;size&quot;:&quot;&quot;,&quot;sizes&quot;:[]},&quot;element_pack_global_tooltip_width_tablet&quot;:{&quot;unit&quot;:&quot;px&quot;,&quot;size&quot;:&quot;&quot;,&quot;sizes&quot;:[]},&quot;element_pack_global_tooltip_width_mobile&quot;:{&quot;unit&quot;:&quot;px&quot;,&quot;size&quot;:&quot;&quot;,&quot;sizes&quot;:[]},&quot;element_pack_global_tooltip_padding&quot;:{&quot;unit&quot;:&quot;px&quot;,&quot;top&quot;:&quot;&quot;,&quot;right&quot;:&quot;&quot;,&quot;bottom&quot;:&quot;&quot;,&quot;left&quot;:&quot;&quot;,&quot;isLinked&quot;:true},&quot;element_pack_global_tooltip_padding_tablet&quot;:{&quot;unit&quot;:&quot;px&quot;,&quot;top&quot;:&quot;&quot;,&quot;right&quot;:&quot;&quot;,&quot;bottom&quot;:&quot;&quot;,&quot;left&quot;:&quot;&quot;,&quot;isLinked&quot;:true},&quot;element_pack_global_tooltip_padding_mobile&quot;:{&quot;unit&quot;:&quot;px&quot;,&quot;top&quot;:&quot;&quot;,&quot;right&quot;:&quot;&quot;,&quot;bottom&quot;:&quot;&quot;,&quot;left&quot;:&quot;&quot;,&quot;isLinked&quot;:true},&quot;element_pack_global_tooltip_border_radius&quot;:{&quot;unit&quot;:&quot;px&quot;,&quot;top&quot;:&quot;&quot;,&quot;right&quot;:&quot;&quot;,&quot;bottom&quot;:&quot;&quot;,&quot;left&quot;:&quot;&quot;,&quot;isLinked&quot;:true},&quot;element_pack_global_tooltip_border_radius_tablet&quot;:{&quot;unit&quot;:&quot;px&quot;,&quot;top&quot;:&quot;&quot;,&quot;right&quot;:&quot;&quot;,&quot;bottom&quot;:&quot;&quot;,&quot;left&quot;:&quot;&quot;,&quot;isLinked&quot;:true},&quot;element_pack_global_tooltip_border_radius_mobile&quot;:{&quot;unit&quot;:&quot;px&quot;,&quot;top&quot;:&quot;&quot;,&quot;right&quot;:&quot;&quot;,&quot;bottom&quot;:&quot;&quot;,&quot;left&quot;:&quot;&quot;,&quot;isLinked&quot;:true}}\" data-elementor-post-type=\"page\">\n\t\t\t\t\t\t<section class=\"elementor-section elementor-top-section elementor-element elementor-element-c10ad3f elementor-section-boxed elementor-section-height-default elementor-section-height-default\" data-id=\"c10ad3f\" data-element_type=\"section\" data-settings=\"{&quot;background_background&quot;:&quot;classic&quot;,&quot;shape_divider_bottom&quot;:&quot;waves&quot;,&quot;shape_divider_bottom_negative&quot;:&quot;yes&quot;}\">\n\t\t\t\t\t\t\t<div class=\"elementor-background-overlay\"><\/div>\n\t\t\t\t\t\t<div class=\"elementor-shape elementor-shape-bottom\" data-negative=\"true\">\n\t\t\t<svg xmlns=\"http:\/\/www.w3.org\/2000\/svg\" viewBox=\"0 0 1000 100\" preserveAspectRatio=\"none\">\n\t<path class=\"elementor-shape-fill\" d=\"M790.5,93.1c-59.3-5.3-116.8-18-192.6-50c-29.6-12.7-76.9-31-100.5-35.9c-23.6-4.9-52.6-7.8-75.5-5.3\n\tc-10.2,1.1-22.6,1.4-50.1,7.4c-27.2,6.3-58.2,16.6-79.4,24.7c-41.3,15.9-94.9,21.9-134,22.6C72,58.2,0,25.8,0,25.8V100h1000V65.3\n\tc0,0-51.5,19.4-106.2,25.7C839.5,97,814.1,95.2,790.5,93.1z\"\/>\n<\/svg>\t\t<\/div>\n\t\t\t\t\t<div class=\"elementor-container elementor-column-gap-default\">\n\t\t\t\t\t<div class=\"elementor-column elementor-col-50 elementor-top-column elementor-element elementor-element-2a1b5da elementor-invisible\" data-id=\"2a1b5da\" data-element_type=\"column\" data-settings=\"{&quot;animation&quot;:&quot;zoomIn&quot;}\">\n\t\t\t<div class=\"elementor-widget-wrap elementor-element-populated\">\n\t\t\t\t\t\t<div class=\"elementor-element elementor-element-6fae6f0 elementor-align-left elementor-widget elementor-widget-breadcrumbs\" data-id=\"6fae6f0\" data-element_type=\"widget\" data-widget_type=\"breadcrumbs.default\">\n\t\t\t\t<div class=\"elementor-widget-container\">\n\t\t\t\t\t<p id=\"breadcrumbs\"><span><span><a href=\"https:\/\/projektwitryny.pl\/awprojekt\/\">Strona g\u0142\u00f3wna<\/a><\/span><\/span><\/p>\t\t\t\t<\/div>\n\t\t\t\t<\/div>\n\t\t\t\t<div class=\"elementor-element elementor-element-9a9c45b elementor-widget elementor-widget-heading\" data-id=\"9a9c45b\" data-element_type=\"widget\" data-widget_type=\"heading.default\">\n\t\t\t\t<div class=\"elementor-widget-container\">\n\t\t\t\t\t<h1 class=\"elementor-heading-title elementor-size-default\">RODO\n<\/h1>\t\t\t\t<\/div>\n\t\t\t\t<\/div>\n\t\t\t\t<div class=\"elementor-element elementor-element-3a439b9 elementor-widget elementor-widget-text-editor\" data-id=\"3a439b9\" data-element_type=\"widget\" data-widget_type=\"text-editor.default\">\n\t\t\t\t<div class=\"elementor-widget-container\">\n\t\t\t\t\t\t\t\t\t<p>Polityka ochrony prywatno\u015bci<\/p>\t\t\t\t\t\t\t\t<\/div>\n\t\t\t\t<\/div>\n\t\t\t\t\t<\/div>\n\t\t<\/div>\n\t\t\t\t<div class=\"elementor-column elementor-col-50 elementor-top-column elementor-element elementor-element-2318730 elementor-invisible\" data-id=\"2318730\" data-element_type=\"column\" data-settings=\"{&quot;background_background&quot;:&quot;classic&quot;,&quot;animation&quot;:&quot;zoomIn&quot;}\">\n\t\t\t<div class=\"elementor-widget-wrap\">\n\t\t\t\t\t\t\t<\/div>\n\t\t<\/div>\n\t\t\t\t\t<\/div>\n\t\t<\/section>\n\t\t\t\t<section class=\"elementor-section elementor-top-section elementor-element elementor-element-dd59254 elementor-section-boxed elementor-section-height-default elementor-section-height-default\" data-id=\"dd59254\" data-element_type=\"section\">\n\t\t\t\t\t\t<div class=\"elementor-container elementor-column-gap-default\">\n\t\t\t\t\t<div class=\"elementor-column elementor-col-100 elementor-top-column elementor-element elementor-element-7c76857\" data-id=\"7c76857\" data-element_type=\"column\">\n\t\t\t<div class=\"elementor-widget-wrap elementor-element-populated\">\n\t\t\t\t\t\t<div class=\"elementor-element elementor-element-14cdce8 elementor-widget elementor-widget-text-editor\" data-id=\"14cdce8\" data-element_type=\"widget\" data-widget_type=\"text-editor.default\">\n\t\t\t\t<div class=\"elementor-widget-container\">\n\t\t\t\t\t\t\t\t\t<p>Niniejsza Polityka Prywatno\u015bci odnosi si\u0119 do strony awprojekt-art.pl. Przez u\u017cywanie serwisu awprojekt-art.pl wyra\u017casz zgod\u0119 na u\u017cywanie ciasteczek zgodnie z t\u0105 Polityk\u0105 Prywatno\u015bci. Je\u017celi nie zgadzasz si\u0119 na u\u017cywanie przez nas ciasteczek, powiniene\u015b zmieni\u0107 ustawienia swojej przegl\u0105darki w odpowiedni spos\u00f3b lub zrezygnowa\u0107 z u\u017cywania strony awprojekt-art.pl.<\/p><p>Administratorem danych osobowych gromadzonych i przetwarzanych w ramach niniejszej strony www jest AW PROJEKT Anita Walczak, ul. Grzybowska 87, 00-844 Warszawa.<\/p>\t\t\t\t\t\t\t\t<\/div>\n\t\t\t\t<\/div>\n\t\t\t\t<div class=\"elementor-element elementor-element-a6d3b8c elementor-widget elementor-widget-heading\" data-id=\"a6d3b8c\" data-element_type=\"widget\" data-widget_type=\"heading.default\">\n\t\t\t\t<div class=\"elementor-widget-container\">\n\t\t\t\t\t<h4 class=\"elementor-heading-title elementor-size-default\">Co to s\u0105 ciasteczka?<\/h4>\t\t\t\t<\/div>\n\t\t\t\t<\/div>\n\t\t\t\t<div class=\"elementor-element elementor-element-9bb0031 elementor-widget elementor-widget-text-editor\" data-id=\"9bb0031\" data-element_type=\"widget\" data-widget_type=\"text-editor.default\">\n\t\t\t\t<div class=\"elementor-widget-container\">\n\t\t\t\t\t\t\t\t\t<p>Ciasteczka (ang. cookies) to\u00a0niewielkie pliki, zapisywane i\u00a0przechowywane na\u00a0twoim komputerze, tablecie lub smartphonie podczas gdy\u00a0odwiedzasz r\u00f3\u017cne strony w\u00a0internecie. Ciasteczko zazwyczaj zawiera nazw\u0119 strony internetowej, z\u00a0kt\u00f3rej\u00a0pochodzi, \u201ed\u0142ugo\u015b\u0107 \u017cycia\u201d ciasteczka (to\u00a0znaczy czas jego istnienia), oraz\u00a0przypadkowo wygenerowany unikalny numer s\u0142u\u017c\u0105cy do\u00a0identyfikacji przegl\u0105darki, z\u00a0jakiej nast\u0119puje po\u0142\u0105czenie ze\u00a0stron\u0105 internetow\u0105.<\/p>\t\t\t\t\t\t\t\t<\/div>\n\t\t\t\t<\/div>\n\t\t\t\t<div class=\"elementor-element elementor-element-f6b3c07 elementor-widget elementor-widget-heading\" data-id=\"f6b3c07\" data-element_type=\"widget\" data-widget_type=\"heading.default\">\n\t\t\t\t<div class=\"elementor-widget-container\">\n\t\t\t\t\t<h4 class=\"elementor-heading-title elementor-size-default\">Do czego u\u017cywamy ciasteczek?<\/h4>\t\t\t\t<\/div>\n\t\t\t\t<\/div>\n\t\t\t\t<div class=\"elementor-element elementor-element-165192a elementor-widget elementor-widget-text-editor\" data-id=\"165192a\" data-element_type=\"widget\" data-widget_type=\"text-editor.default\">\n\t\t\t\t<div class=\"elementor-widget-container\">\n\t\t\t\t\t\t\t\t\t<p>awprojekt-art.pl u\u017cywa ciasteczek w r\u00f3\u017cnych celach: by serwis dzia\u0142a\u0142 szybciej i by\u0142 \u0142atwiejszy w u\u017cyciu, do zbierania anonimowych, zagregowanych statystyk, kt\u00f3re pozwalaj\u0105 nam zrozumie\u0107 jak ludzie u\u017cywaj\u0105 naszych stron i pomagaj\u0105 w poprawianiu ich funkcjonalno\u015bci i zawarto\u015bci. U\u017cywaj\u0105c ciasteczek w wy\u017cej opisany spos\u00f3b nigdy nie identyfikujemy to\u017csamo\u015bci u\u017cytkownik\u00f3w na podstawie informacji przechowywanych w ciasteczkach.<\/p>\t\t\t\t\t\t\t\t<\/div>\n\t\t\t\t<\/div>\n\t\t\t\t<div class=\"elementor-element elementor-element-7028745 elementor-widget elementor-widget-heading\" data-id=\"7028745\" data-element_type=\"widget\" data-widget_type=\"heading.default\">\n\t\t\t\t<div class=\"elementor-widget-container\">\n\t\t\t\t\t<h4 class=\"elementor-heading-title elementor-size-default\">Jak d\u0142ugo przechowywane s\u0105 dane w ciasteczkach?<\/h4>\t\t\t\t<\/div>\n\t\t\t\t<\/div>\n\t\t\t\t<div class=\"elementor-element elementor-element-7da9549 elementor-widget elementor-widget-text-editor\" data-id=\"7da9549\" data-element_type=\"widget\" data-widget_type=\"text-editor.default\">\n\t\t\t\t<div class=\"elementor-widget-container\">\n\t\t\t\t\t\t\t\t\t<p>Na stronie awprojekt-art.pl mog\u0105 by\u0107 u\u017cywane dwa rodzaje ciasteczek \u2013 sesyjne oraz sta\u0142e. Te pierwsze pozostaj\u0105 na Twoim urz\u0105dzeniu jedynie podczas korzystania ze strony awprojekt-art.pl. Ciasteczka sta\u0142e pozostaj\u0105 na Twoim urz\u0105dzeniu tak d\u0142ugo jak d\u0142ugo maj\u0105 ustawiony czas \u017cycia lub do momentu kiedy je usuniesz.<\/p>\t\t\t\t\t\t\t\t<\/div>\n\t\t\t\t<\/div>\n\t\t\t\t<div class=\"elementor-element elementor-element-3e54e08 elementor-widget elementor-widget-heading\" data-id=\"3e54e08\" data-element_type=\"widget\" data-widget_type=\"heading.default\">\n\t\t\t\t<div class=\"elementor-widget-container\">\n\t\t\t\t\t<h4 class=\"elementor-heading-title elementor-size-default\">Rodzaje ciasteczek u\u017cywanych na stronie awprojekt-art.pl<\/h4>\t\t\t\t<\/div>\n\t\t\t\t<\/div>\n\t\t\t\t<div class=\"elementor-element elementor-element-5b14c2e elementor-widget elementor-widget-text-editor\" data-id=\"5b14c2e\" data-element_type=\"widget\" data-widget_type=\"text-editor.default\">\n\t\t\t\t<div class=\"elementor-widget-container\">\n\t\t\t\t\t\t\t\t\t<p>Konieczne do dzia\u0142ania stron \u2013 Niezb\u0119dne do prawid\u0142owego funkcjonowania strony awprojekt-art.pl, pozwalaj\u0105 Ci na poruszanie si\u0119 po nich oraz u\u017cywanie ich element\u00f3w. Przyk\u0142adowo mog\u0105 zapami\u0119tywa\u0107 poprzednie czynno\u015bci (np. otwarte teksty) podczas wracania na stron\u0119 w tej samej sesji. Poprawiaj\u0105ce wydajno\u015b\u0107 \u2013 Zbieranie informacji o tym jak odwiedzaj\u0105cy korzystaj\u0105 ze strony awprojekt-art.pl poprzez dostarczanie informacji na temat obszar\u00f3w kt\u00f3re odwiedzaj\u0105, czasu jaki na nich sp\u0119dzaj\u0105 oraz problem\u00f3w jakie na nich napotykaj\u0105, jak np. komunikaty o b\u0142\u0119dach. To pozwala nam poprawia\u0107 dzia\u0142anie strony awprojekt-art.pl.<\/p>\t\t\t\t\t\t\t\t<\/div>\n\t\t\t\t<\/div>\n\t\t\t\t<div class=\"elementor-element elementor-element-37b4d8a elementor-widget elementor-widget-heading\" data-id=\"37b4d8a\" data-element_type=\"widget\" data-widget_type=\"heading.default\">\n\t\t\t\t<div class=\"elementor-widget-container\">\n\t\t\t\t\t<h4 class=\"elementor-heading-title elementor-size-default\">Czy u\u017cywamy ciasteczek podmiot\u00f3w trzecich?<\/h4>\t\t\t\t<\/div>\n\t\t\t\t<\/div>\n\t\t\t\t<div class=\"elementor-element elementor-element-1432a24 elementor-widget elementor-widget-text-editor\" data-id=\"1432a24\" data-element_type=\"widget\" data-widget_type=\"text-editor.default\">\n\t\t\t\t<div class=\"elementor-widget-container\">\n\t\t\t\t\t\t\t\t\t<p>Tak, korzystaj\u0105c z serwisu awprojekt-art.pl mo\u017cesz otrzymywa\u0107 ciasteczka pochodz\u0105ce od wsp\u00f3\u0142pracuj\u0105cych z awprojekt-art.pl podmiot\u00f3w trzecich takich jak np. Facebook czy Google. Wi\u0119cej informacji na temat tych ciasteczek mo\u017cesz znale\u017a\u0107 na stronach internetowych poszczeg\u00f3lnych podmiot\u00f3w trzecich.<\/p>\t\t\t\t\t\t\t\t<\/div>\n\t\t\t\t<\/div>\n\t\t\t\t<div class=\"elementor-element elementor-element-42dc2ae elementor-widget elementor-widget-heading\" data-id=\"42dc2ae\" data-element_type=\"widget\" data-widget_type=\"heading.default\">\n\t\t\t\t<div class=\"elementor-widget-container\">\n\t\t\t\t\t<h4 class=\"elementor-heading-title elementor-size-default\">W jaki spos\u00f3b mog\u0119 zmieni\u0107 ustawienia dot. ciasteczek albo je usun\u0105\u0107?<\/h4>\t\t\t\t<\/div>\n\t\t\t\t<\/div>\n\t\t\t\t<div class=\"elementor-element elementor-element-076fc57 elementor-widget elementor-widget-text-editor\" data-id=\"076fc57\" data-element_type=\"widget\" data-widget_type=\"text-editor.default\">\n\t\t\t\t<div class=\"elementor-widget-container\">\n\t\t\t\t\t\t\t\t\t<p>Wi\u0119kszo\u015b\u0107 przegl\u0105darek internetowych jest pocz\u0105tkowo ustawionych na automatyczne przyjmowanie ciasteczek. Mo\u017cesz jednak zmieni\u0107 ustawienia przegl\u0105darki tak, aby ciasteczka by\u0142y blokowane \u2013 w ca\u0142o\u015bci lub w jakiej\u015b cz\u0119\u015bci, np. tylko od stron trzecich, albo aby ka\u017cdorazowo otrzymywa\u0107 komunikat w momencie kiedy ciasteczka s\u0105 wysy\u0142ane na Twoje urz\u0105dzenie. Pami\u0119taj jednak, \u017ce je\u017celi zablokujesz u\u017cywane przez nas ciasteczka, mo\u017ce to negatywnie wp\u0142yn\u0105\u0107 na wygod\u0119 korzystania ze strony awprojekt-art.pl, na przyk\u0142ad mo\u017cesz nie by\u0107 w stanie odwiedzi\u0107 pewnych obszar\u00f3w strony awprojekt-art.pl b\u0105d\u017a nie otrzymywa\u0107 spersonalizowanych informacji podczas ich przegl\u0105dania. Uniemo\u017cliwisz nam tak\u017ce zbieranie anonimowych informacji nt. u\u017cywania naszych stron w celu sta\u0142ego poprawiania zawarto\u015bci strony awprojekt-art.pl.<\/p>\t\t\t\t\t\t\t\t<\/div>\n\t\t\t\t<\/div>\n\t\t\t\t\t<\/div>\n\t\t<\/div>\n\t\t\t\t\t<\/div>\n\t\t<\/section>\n\t\t\t\t<\/div>\n\t\t","protected":false},"excerpt":{"rendered":"<p>RODO Polityka ochrony prywatno\u015bci Niniejsza Polityka Prywatno\u015bci odnosi si\u0119 do strony awprojekt-art.pl. Przez u\u017cywanie serwisu awprojekt-art.pl wyra\u017casz zgod\u0119 na u\u017cywanie ciasteczek zgodnie z t\u0105 Polityk\u0105 Prywatno\u015bci. Je\u017celi nie zgadzasz si\u0119 na u\u017cywanie przez nas ciasteczek, powiniene\u015b zmieni\u0107 ustawienia swojej przegl\u0105darki w odpowiedni spos\u00f3b lub zrezygnowa\u0107 z u\u017cywania strony awprojekt-art.pl. Administratorem danych osobowych gromadzonych i przetwarzanych [&hellip;]<\/p>\n","protected":false},"author":1,"featured_media":0,"parent":0,"menu_order":0,"comment_status":"closed","ping_status":"closed","template":"elementor_header_footer","meta":{"footnotes":""},"class_list":["post-3","page","type-page","status-publish","hentry"],"yoast_head":"<!-- This site is optimized with the Yoast SEO Premium plugin v20.7 (Yoast SEO v25.1) - https:\/\/yoast.com\/wordpress\/plugins\/seo\/ -->\n<title>Polityka prywatno\u015bci - RODO - AW PROJEKT Agencja Interaktywna<\/title>\n<meta name=\"robots\" content=\"noindex, follow, max-snippet:-1, max-image-preview:large, max-video-preview:-1\" \/>\n<meta property=\"og:locale\" content=\"pl_PL\" \/>\n<meta property=\"og:type\" content=\"article\" \/>\n<meta property=\"og:title\" content=\"Polityka prywatno\u015bci\" \/>\n<meta property=\"og:description\" content=\"RODO Polityka ochrony prywatno\u015bci Niniejsza Polityka Prywatno\u015bci odnosi si\u0119 do strony awprojekt-art.pl. Przez u\u017cywanie serwisu awprojekt-art.pl wyra\u017casz zgod\u0119 na u\u017cywanie ciasteczek zgodnie z t\u0105 Polityk\u0105 Prywatno\u015bci. Je\u017celi nie zgadzasz si\u0119 na u\u017cywanie przez nas ciasteczek, powiniene\u015b zmieni\u0107 ustawienia swojej przegl\u0105darki w odpowiedni spos\u00f3b lub zrezygnowa\u0107 z u\u017cywania strony awprojekt-art.pl. Administratorem danych osobowych gromadzonych i przetwarzanych [&hellip;]\" \/>\n<meta property=\"og:url\" content=\"http:\/\/projektwitryny.pl\/awprojekt\/polityka-prywatnosci\/\" \/>\n<meta property=\"og:site_name\" content=\"Tworzenie stron internetowych - AW PROJEKT\" \/>\n<meta property=\"article:publisher\" content=\"https:\/\/www.facebook.com\/awprojekt.agencjainteraktywna\/\" \/>\n<meta property=\"article:modified_time\" content=\"2023-04-11T15:43:57+00:00\" \/>\n<meta name=\"twitter:card\" content=\"summary_large_image\" \/>\n<meta name=\"twitter:site\" content=\"@aw_projekt\" \/>\n<meta name=\"twitter:label1\" content=\"Szacowany czas czytania\" \/>\n\t<meta name=\"twitter:data1\" content=\"3 minuty\" \/>\n<!-- \/ Yoast SEO Premium plugin. -->","yoast_head_json":{"title":"Polityka prywatno\u015bci - RODO - AW PROJEKT Agencja Interaktywna","robots":{"index":"noindex","follow":"follow","max-snippet":"max-snippet:-1","max-image-preview":"max-image-preview:large","max-video-preview":"max-video-preview:-1"},"og_locale":"pl_PL","og_type":"article","og_title":"Polityka prywatno\u015bci","og_description":"RODO Polityka ochrony prywatno\u015bci Niniejsza Polityka Prywatno\u015bci odnosi si\u0119 do strony awprojekt-art.pl. Przez u\u017cywanie serwisu awprojekt-art.pl wyra\u017casz zgod\u0119 na u\u017cywanie ciasteczek zgodnie z t\u0105 Polityk\u0105 Prywatno\u015bci. Je\u017celi nie zgadzasz si\u0119 na u\u017cywanie przez nas ciasteczek, powiniene\u015b zmieni\u0107 ustawienia swojej przegl\u0105darki w odpowiedni spos\u00f3b lub zrezygnowa\u0107 z u\u017cywania strony awprojekt-art.pl. Administratorem danych osobowych gromadzonych i przetwarzanych [&hellip;]","og_url":"http:\/\/projektwitryny.pl\/awprojekt\/polityka-prywatnosci\/","og_site_name":"Tworzenie stron internetowych - AW PROJEKT","article_publisher":"https:\/\/www.facebook.com\/awprojekt.agencjainteraktywna\/","article_modified_time":"2023-04-11T15:43:57+00:00","twitter_card":"summary_large_image","twitter_site":"@aw_projekt","twitter_misc":{"Szacowany czas czytania":"3 minuty"},"schema":{"@context":"https:\/\/schema.org","@graph":[{"@type":"WebPage","@id":"http:\/\/projektwitryny.pl\/awprojekt\/polityka-prywatnosci\/","url":"http:\/\/projektwitryny.pl\/awprojekt\/polityka-prywatnosci\/","name":"Polityka prywatno\u015bci - RODO - AW PROJEKT Agencja Interaktywna","isPartOf":{"@id":"http:\/\/projektwitryny.pl\/awprojekt\/#website"},"datePublished":"2020-10-16T12:01:54+00:00","dateModified":"2023-04-11T15:43:57+00:00","breadcrumb":{"@id":"http:\/\/projektwitryny.pl\/awprojekt\/polityka-prywatnosci\/#breadcrumb"},"inLanguage":"pl-PL","potentialAction":[{"@type":"ReadAction","target":["http:\/\/projektwitryny.pl\/awprojekt\/polityka-prywatnosci\/"]}]},{"@type":"BreadcrumbList","@id":"http:\/\/projektwitryny.pl\/awprojekt\/polityka-prywatnosci\/#breadcrumb","itemListElement":[{"@type":"ListItem","position":1,"name":"Strona g\u0142\u00f3wna","item":"https:\/\/projektwitryny.pl\/awprojekt\/"},{"@type":"ListItem","position":2,"name":"Polityka prywatno\u015bci"}]},{"@type":"WebSite","@id":"http:\/\/projektwitryny.pl\/awprojekt\/#website","url":"http:\/\/projektwitryny.pl\/awprojekt\/","name":"Tworzenie stron internetowych - AW PROJEKT","description":"Strony internetowe oraz sklepy","publisher":{"@id":"http:\/\/projektwitryny.pl\/awprojekt\/#organization"},"potentialAction":[{"@type":"SearchAction","target":{"@type":"EntryPoint","urlTemplate":"http:\/\/projektwitryny.pl\/awprojekt\/?s={search_term_string}"},"query-input":{"@type":"PropertyValueSpecification","valueRequired":true,"valueName":"search_term_string"}}],"inLanguage":"pl-PL"},{"@type":"Organization","@id":"http:\/\/projektwitryny.pl\/awprojekt\/#organization","name":"Tworzenie stron internetowych - AW PROJEKT","url":"http:\/\/projektwitryny.pl\/awprojekt\/","logo":{"@type":"ImageObject","inLanguage":"pl-PL","@id":"http:\/\/projektwitryny.pl\/awprojekt\/#\/schema\/logo\/image\/","url":"http:\/\/projektwitryny.pl\/awprojekt\/wp-content\/uploads\/2020\/10\/logo.svg","contentUrl":"http:\/\/projektwitryny.pl\/awprojekt\/wp-content\/uploads\/2020\/10\/logo.svg","width":200,"height":54,"caption":"Tworzenie stron internetowych - AW PROJEKT"},"image":{"@id":"http:\/\/projektwitryny.pl\/awprojekt\/#\/schema\/logo\/image\/"},"sameAs":["https:\/\/www.facebook.com\/awprojekt.agencjainteraktywna\/","https:\/\/x.com\/aw_projekt","https:\/\/www.youtube.com\/@awprojektagencjainteraktyw7494\/videos","https:\/\/www.instagram.com\/awprojekt\/","https:\/\/pl.pinterest.com\/aagencjainteraktywna\/","https:\/\/www.linkedin.com\/company\/aw-projekt-agencja-interaktywna\/"]}]}},"_links":{"self":[{"href":"http:\/\/projektwitryny.pl\/awprojekt\/wp-json\/wp\/v2\/pages\/3","targetHints":{"allow":["GET"]}}],"collection":[{"href":"http:\/\/projektwitryny.pl\/awprojekt\/wp-json\/wp\/v2\/pages"}],"about":[{"href":"http:\/\/projektwitryny.pl\/awprojekt\/wp-json\/wp\/v2\/types\/page"}],"author":[{"embeddable":true,"href":"http:\/\/projektwitryny.pl\/awprojekt\/wp-json\/wp\/v2\/users\/1"}],"replies":[{"embeddable":true,"href":"http:\/\/projektwitryny.pl\/awprojekt\/wp-json\/wp\/v2\/comments?post=3"}],"version-history":[{"count":37,"href":"http:\/\/projektwitryny.pl\/awprojekt\/wp-json\/wp\/v2\/pages\/3\/revisions"}],"predecessor-version":[{"id":20994,"href":"http:\/\/projektwitryny.pl\/awprojekt\/wp-json\/wp\/v2\/pages\/3\/revisions\/20994"}],"wp:attachment":[{"href":"http:\/\/projektwitryny.pl\/awprojekt\/wp-json\/wp\/v2\/media?parent=3"}],"curies":[{"name":"wp","href":"https:\/\/api.w.org\/{rel}","templated":true}]}}